common divisor of u and 53?
53
Let s be (-9)/(11 - -7)*6*-10. What is the greatest common factor of 150 and s?
30
Suppose 18*u + 3 - 129 = 0. Suppose -2*i + 105 = i. Calculate the greatest common divisor of u and i.
7
Let s be ((-3)/6*0)/(-2). Suppose -3*w + 0*w + 21 = s. Suppose -x + w - 1 = 0. What is the highest common divisor of x and 18?
6
Let m(l) = -6*l - 8. Let b be m(-6). Let k(p) = -10*p + 1. Let x be k(-2). Let d = b + x. What is the greatest common factor of 7 and d?
7
Suppose s - 2 + 0 = 0. Let y(d) = -6*d**3 + 4*d**3 + 1 + 3*d**3 + 2*d. Let v be y(s). What is the highest common divisor of 52 and v?
13
Let z = 109 + 603. What is the greatest common factor of z and 16?
8
Let z(o) = o**3 + 17*o**2 + 23*o + 121. Let j be z(-16). Calculate the greatest common factor of j and 1.
1
Let z = 32 + -25. Suppose 19 = n + z. Calculate the highest common divisor of 4 and n.
4
Let x(a) = a - 25. Let w be x(0). Let d = w + 60. Let r = d + 1. Calculate the greatest common factor of r and 4.
4
Let y be 13 - (6 + (-1 - 2)). Suppose 75 = -18*h + 23*h. Calculate the greatest common factor of y and h.
5
Suppose 0 = -5*z - 3*o + 405, -2*z - 2*o + 91 + 75 = 0. What is the greatest common divisor of z and 10?
2
Let k(j) = 2*j + 27. Let m be k(-11). Suppose 11 = m*n - 4. What is the greatest common factor of n and 6?
3
Let i(a) = -a**2 - 10*a + 8. Let g be i(-7). Suppose -g = 4*r - 93. Let z(d) = d + 16. Let v be z(0). Calculate the highest common factor of r and v.
16
Let f = 15 + -14. Suppose 80 - 23 = 4*q + 5*y, 0 = -2*q + 3*y + f. Suppose -j + 2*j = q. Calculate the highest common divisor of 16 and j.
8
Suppose 4*j - 203 + 2 = g, -3*j + 3*g = -162. Let a be -18*(-20)/12*-1. Let n = -23 - a. What is the highest common factor of n and j?
7
Suppose 4*f - k - 98 = 4*k, -4*f + 92 = -2*k. What is the greatest common divisor of f and 242?
22
Suppose -3 = 3*m - 12. Suppose 4*c + m*s = -2 + 23, 5*c - 27 = -4*s. What is the highest common divisor of c and 15?
3
Let i = 88 + -59. Let c(u) = -u. Let d(a) = 36*a + 1. Let r(n) = -6*c(n) - d(n). Let g be r(-1). Calculate the greatest common factor of g and i.
29
Let j(b) = -b**3 + 10*b**2 - 9*b + 5. Let v be (-8 - (-3 + -1))/1. Let p = 2 - v. Let r be j(p). What is the highest common factor of r and 38?
19
Let o(x) = -x**2 - 11*x + 2. Let a = -35 + 75. Suppose -2*w = -6*w - a. Let t be o(w). Calculate the highest common factor of 12 and t.
12
Let p be (-80)/6*(-21)/4. Let x = p + -38. Suppose -5*f - 33 = -3*d, 3*d + 0*f = -3*f + 57. Calculate the highest common divisor of x and d.
16
Suppose -473 = -19*v - 74. Let r = 7 - -7. Calculate the highest common factor of v and r.
7
Let p be 30*(11/22 - 14/12). Let s be ((-36)/15)/(4/p). Calculate the highest common factor of 18 and s.
6
Suppose 5*x + q = -0*x - 298, x + q + 58 = 0. Let s = x - -86. What is the highest common factor of s and 13?
13
Suppose 3*z + 3*h = -2*z + 278, 2*z = 5*h + 136. Calculate the greatest common divisor of 290 and z.
58
Suppose j = -4*y + 20 - 5, y + 10 = j. Let f(p) = -3*p - 42. Let n be f(-17). Let x = n - 8. Calculate the greatest common factor of x and j.
1
Let h(n) = 13*n**2 + n - 26. Let d be h(-3). What is the highest common factor of 374 and d?
22
Let p(j) be the second derivative of j**4/12 + 2*j**3/3 - j**2 + 6*j. Let t be p(-5). Suppose -9 = -2*g + t. What is the greatest common factor of g and 66?
6
Suppose 21 = 4*t - 27. Calculate the highest common divisor of t and 492.
12
Suppose -287 - 103 = -13*c. Calculate the highest common divisor of c and 60.
30
Suppose i - s = 48, 5*i + 5*s = 8*s + 240. Calculate the greatest common factor of 176 and i.
16
Let k be (18/7)/(672/567616). What is the highest common factor of 12 and k?
12
Let a(w) = -w**3 - 3*w**2 + 5*w - 1. Let n be a(-4). Let i = n + 9. Let o be i + ((-12)/(-4) - -4). Calculate the greatest common divisor of 44 and o.
11
Let u = -992 - -1115. What is the greatest common factor of u and 1?
1
Let c(g) = -60*g - 3. Let u be c(1). Let m = 83 + u. Let p be 2 - -37 - (2 - 3). Calculate the greatest common factor of p and m.
20
Let v be 9/(-15) + (-12)/(-20). Suppose 0*s + 5*s - 170 = v. What is the greatest common divisor of s and 136?
34
Let c(b) be the first derivative of b**3/3 - b**2/2 - 4*b - 1. Let y be c(4). Let s = 74 - y. Calculate the highest common factor of s and 44.
22
Let p = -44 + 35. Let u = 12 + p. Calculate the greatest common factor of u and 12.
3
Let n be (-2)/9 - 845/(-117). Suppose 6*u - n*u = -4. Let z(s) = 9*s**2 + s - 2. Let b be z(2). What is the highest common factor of b and u?
4
Suppose -28 + 0 = -4*i + 4*k, -2*k = 4*i + 2. Let t(p) = -p**2 - p**2 + 0*p + 2*p**3 + 1 + p. Let u be t(i). What is the highest common factor of 11 and u?
11
Suppose 0 = 4*t + i - 116, 2*t - 4*i = -2*i + 58. What is the highest common factor of t and 29?
29
Let a be 2390/80 + (-2)/(-16). Calculate the highest common factor of 294 and a.
6
Suppose 276*f = 284*f - 3408. Calculate the highest common factor of 6 and f.
6
Suppose h = -4*i + 3*h + 84, 0 = -4*i + 4*h + 92. Suppose 2*z - 3*z = 0. Suppose 3*y = -z*y + 114. Calculate the highest common factor of y and i.
19
Let d(r) = -r**2 - 7*r + 2. Let l be d(-5). Suppose l*q - 143 = -q. Calculate the greatest common divisor of q and 55.
11
Suppose 4*h = -h + 450. Let x be -3 + 1 + (-10 - -48). Let j = h - x. What is the greatest common divisor of 6 and j?
6
Let v(k) = 3*k**2 + 42*k + 25. Let l be v(-14). What is the highest common divisor of 175 and l?
25
Suppose 247 - 3537 = -10*r. Calculate the highest common factor of 517 and r.
47
Let f(r) = -5*r + 189. Let l be f(0). What is the greatest common factor of 7 and l?
7
Let m(d) = d**3 - 4*d + 7. Let s be m(3). What is the greatest common divisor of s and 781?
11
Let u = -20 + 14. Let f = 18 + u. Let m = f - 9. What is the highest common factor of m and 27?
3
Suppose q + 5 = 10. Suppose 0 = -4*x, 2*p + 2*p - 156 = q*x. Calculate the highest common divisor of p and 13.
13
Suppose -325 = -3*j + 2. Let i = j + -53. What is the greatest common factor of 8 and i?
8
Let j(x) = x**2 + 8*x - 6. Let c be j(-10). Let l = c + -10. Suppose -4 = l*d - 36. What is the highest common divisor of d and 56?
8
Let y(v) = -3*v - 24. Let w be y(-8). Suppose 0 = -w*g - 2*g + 374. Calculate the highest common factor of g and 17.
17
Let q be 758/8 - ((-8)/(-32))/(-1). What is the highest common factor of q and 10?
5
Let u = -2 - -14. Suppose -86 - 94 = -w + 4*f, w - 3*f - 186 = 0. What is the greatest common factor of u and w?
12
Let s be (0 - (1 + -100)) + (4 - -2). What is the highest common factor of 147 and s?
21
Let k be 3 + -1*6*2. Let y = k - -19. Let t(x) = 111*x**3 - x**2 - x + 1. Let v be t(1). Calculate the highest common divisor of v and y.
10
Let r = 12 - -41. Let o be (r - 8/2) + 2. Calculate the greatest common divisor of 17 and o.
17
Suppose -2*s + k - 1 = -4, -3 = k. Let v(q) = -208*q + 8 + 207*q - 6*q**3 + 5*q**3 + 2*q**2. Let w be v(s). Calculate the highest common divisor of w and 32.
8
Suppose -5*a + 275 = -35. Suppose 118 + a = 3*d. Suppose -15*l + 120 = -10*l. What is the highest common factor of l and d?
12
Suppose -202 = 5*k + 48. Let u = k + 62. What is the highest common divisor of u and 24?
12
Suppose -d - 14 = -17. Suppose 3*b - 64 = -4*k + 7*b, d*b - 16 = -k. Calculate the highest common factor of 176 and k.
16
Suppose 3*l + 4*k = 20, -2*k = l - 2*l. Suppose 3*v + v = g - 27, -75 = -4*g + 5*v. Suppose 0 = q - l*q + g. What is the highest common factor of 2 and q?
1
Suppose 26 - 30 = -n. Suppose 5*g + n - 254 = 0. What is the highest common divisor of g and 5?
5
Let h be 34/(1 - 0) + (-32 - -34). Calculate the highest common divisor of 306 and h.
18
Suppose -5*m - 5 = 4*w, 5*w - 50 = -2*m - 35. Suppose -3*k + 98 = -22. What is the greatest common factor of k and w?
5
Let a = 2157 + -1032. Calculate the highest common divisor of 25 and a.
25
Let r = -63 - -65. Suppose 0 = r*w - d - 8, -w - d = -5*d - 18. What is the highest common factor of 16 and w?
2
Let f(w) = -w**2 - w + 6. Let a be f(0). Suppose -2*o - 2 = -a. Let g be ((-340)/(-119))/(o/7). What is the greatest common divisor of 70 and g?
10
Suppose 61 = -4*f + 89. Calculate the highest common divisor of 28 and f.
7
